 - 134*v. What is the tens digit of v?
5
Let a = -225 + 231. What is the units digit of 1/(2352/(-471) - (a + -11))?
7
Suppose 21 = -5*y + 31. Suppose 3*o + y*h = 16, 24 = 4*o + 3*h + 4. What is the units digit of 802/o - 14/56?
0
Let t = 43254 + -5847. What is the hundreds digit of t?
4
Let w(l) = 3*l - 2*l**2 + 7 - l**2 + l**3 + 0*l**2 - 16*l. Let s be w(9). Suppose 0 = -4*q + p - 80 + s, q - 4*p = 74. What is the units digit of q?
4
Let t = 10 + 17. Suppose t*a - 8 = 25*a. What is the units digit of 3 + (23 - (a - 8))?
0
Let h(r) be the first derivative of -17*r**2/2 - 49*r + 52. What is the tens digit of h(-23)?
4
Let l(w) = -11*w**3 + w**2 - 1. Let k be l(-1). Let y be 8/36*-3 - k/(-3). Suppose 0 = 4*t - y*t - 5. What is the units digit of t?
5
Let k be (-4)/16 - (-42)/8. Suppose -k*s + 14*s + 414 = 0. What is the tens digit of s/8*(-43 + 7)?
0
Let y(l) = l**3 - 64*l**2 + 74*l + 190. What is the hundreds digit of y(70)?
7
Suppose -4*h - 2*v + 624 = -0*v, 4*v - 620 = -4*h. Let g = -10 + h. What is the tens digit of g?
4
Let w = -12568 - -91121. What is the tens digit of w?
5
Let y = -25220 + 38432. What is the ten thousands digit of y?
1
Suppose -u = -0*u + 25. What is the units digit of 27 + u/15*-3?
2
Let o(l) = -267*l**3 - 8*l**2 - 3*l - 5. Let p be o(-2). Suppose -p + 14033 = 21*j. What is the units digit of j?
8
Let f(c) = c**2 + 7*c + 1. Let q be f(-6). Let z be 13/(-5) - 3/q. Let d(y) = -33*y - 1. What is the units digit of d(z)?
5
Suppose -5*s = -3*i + 81751, 27239 = -409*i + 410*i + 4*s. What is the tens digit of i?
4
Suppose 44*p = 45*p - 5. What is the units digit of ((0 - p) + 7)*41?
2
Let u = 191 + -121. Suppose -11*t - 84 - u = 0. What is the tens digit of t/((20/(-12))/5)?
4
Suppose 0 = o - 4*l + 31, -117 = 5*o - 0*l - l. Let i be 8 + (-588)/72 - (-833)/(-6). Let c = o - i. What is the tens digit of c?
1
Suppose -2*c + 30 = 4*c. Suppose 5*a - 35 = m - 6*m, c*a - 25 = -3*m. Let x(p) = p**3 - 4*p**2 + p - 12. What is the units digit of x(m)?
8
Let i be 0*(-4)/(3 + 5). Suppose i = 9*w - 24*w + 8670. What is the hundreds digit of w?
5
Suppose j + 0 - 3 = 2*q, -2*q = -2*j + 6. Let h(n) = -9*n + 1902*n**2 + 2*n - 1893*n**2 - 6 - n**j. What is the units digit of h(7)?
3
Suppose 5*i + 2*h - 45 = 0, -3*i - h = -19 - 7. Let b(x) = 16*x - 11. Let r be b(i). Let n = r + 24. What is the hundreds digit of n?
1
Suppose 0 = 7*m - 1808 - 2497. Suppose 2*j + m = 4*a - 451, 0 = -2*j + 10. What is the tens digit of a?
6
Let a be (-2)/(8/140*5). What is the hundreds digit of 12*(a - 812/(-21))?
3
Suppose 5*g + 2*n = 69034, 0*g + 5*g + 5*n - 69040 = 0. What is the units digit of g?
6
Let f be 2/(-16) - 231/(-56). Suppose g - 647 = 5*k, f*g - 5*k - 3195 = -g. Suppose 2*t - 322 = 4*n, 4*t - 4*n - g = -3*n. What is the tens digit of t?
5
Suppose 4*i + 4*f - 3 - 9 = 0, 5*f = -i + 11. Let l(c) = 576*c**2 - 8*c + 8. What is the units digit of l(i)?
6
Let y = 37 + -43. What is the tens digit of (-4)/(20/(-1275)) - y?
6
Let s(f) = f**3 - 30*f**2 - 155*f + 629. What is the tens digit of s(47)?
9
Suppose -l + 4*v - 63 = 0, -3*l - 84 - 89 = -4*v. Let j = l - -34. Let p = j - -120. What is the units digit of p?
9
Suppose 0*m = -3*m - 2*g + 312, 4*g = -3*m + 312. Suppose 8*t = m + 32. Suppose -t*n + 724 = -13*n. What is the tens digit of n?
8
Let p = 17338 + 5367. What is the tens digit of p?
0
Let u(c) = 3*c**2 - 9*c - 29. Let d = 62 + -66. Let j be u(d). Suppose p - 4*k = 99, -j = -p + 2*k + 44. What is the units digit of p?
9
Let s = 32633 - 20918. What is the ten thousands digit of s?
1
Let k(v) = -3*v**2 + 42*v + 20. Let z be k(15). Let q(n) = n**3 + 24*n**2 - 44*n + 2. What is the hundreds digit of q(z)?
4
Suppose 243*k = 491*k - 230*k - 151920. What is the thousands digit of k?
8
Suppose n + 5*l = -0*n + 10, 4*l = -4*n + 40. Let d(o) = o**2 + 10*o - 6. Let m be d(n). Suppose -7*k + m = -5*k. What is the tens digit of k?
9
Let k(t) = 7*t**2 + 9*t. Let u(a) = -a**3 - a**2. Let x(l) = -k(l) + 3*u(l). What is the tens digit of x(-6)?
4
Let l be 90/(-4)*(-370)/3. Let r = l - 1496. What is the hundreds digit of r?
2
Let i(c) = -c**3 - 12*c**2 + c + 10. Let v(j) = -2*j**3 + 12*j**2 + 10*j + 5. Let b be v(6). Let g = -78 + b. What is the units digit of i(g)?
6
Let i be 1*-801*8/(-12). Suppose 208*x = 223*x - 45. Suppose -x*n + i = 162. What is the hundreds digit of n?
1
Let f = 30061 - 20887. What is the units digit of f?
4
Suppose 7*h - 530 = 1199. Let u = h - -465. What is the tens digit of u?
1
Suppose 3*r - 65364 = -7*h, -4*r + 87845 = -5*h + 693. What is the hundreds digit of r?
7
Let f(r) = -24*r + 144. Let n be f(6). Suppose n = -30*w - 2*w + 14816. What is the tens digit of w?
6
Suppose -4*l + 0*o - 244 = o, 4*l + 4*o = -244. Let p = l - -303. What is the hundreds digit of p?
2
Suppose 3*y + 12 = 3*d, 2*d + 7 = -2*y + 7*y. Suppose -d*t + 94 = m - 11*t, 0 = 5*m - t - 479. What is the tens digit of m?
9
Suppose n + 6 = -3*c - c, 0 = -3*c - 4*n - 11. What is the tens digit of (c - 1/(5/(-420)))*8?
6
Let j be 7*1/(1/22). Let o be ((280/12)/(-7))/(1/(-3)). What is the units digit of (-2)/o + j/70?
2
Suppose 8*z - 41 - 167 = 0. Suppose -z*v - 2*p - 1500 = -29*v, -2*p - 504 = -v. What is the tens digit of v?
9
Let y be (-2259)/(-15) + 30/(-50). Let w = 254 + y. What is the units digit of w?
4
What is the thousands digit of (-13125)/1500*(2 - (2839 + -1))?
4
Let u = 18615 + -12174. What is the hundreds digit of u?
4
Let w = 86 - 40. Suppose 127 = 3*c + 5*l, -c - 2*l + w = -4*l. What is the units digit of 1*(-21)/(-12)*c?
7
Let w = 31 - 28. Let r be 3/(w + -6) + (9 - -1). Let s(m) = -m**2 + 11*m + 15. What is the tens digit of s(r)?
3
Let b = 72 + -34. Let i be (b/(-5) + 0)/(2/90). What is the units digit of i/(-8) + (-2)/(-8)?
3
Let k(h) = -3 - 7*h - 6*h + 2*h**2 + 7 + 1709*h**3 + 0*h + 8. What is the units digit of k(1)?
0
Suppose 19*d - 142822 = 7*d + 299078. What is the ten thousands digit of d?
3
Suppose -332 = -t - 3*t. Let x(h) = h**3 + 6*h**2 + 52. Let d be x(-7). Suppose -g = d*g + 5*n - 344, -g - 2*n = -t. What is the units digit of g?
1
Suppose -3*h = -4*n + 37, -5*h - 8 = 7. Suppose -22 = -5*g - n. What is the tens digit of (-1)/g + 11020/57?
9
Suppose 5*a - 30681 - 5989 = -5*w, 6*a = -2*w + 14668. What is the tens digit of w?
3
What is the thousands digit of 9339/(-5)*(107 + -117)?
8
Let g = 124694 + -76477. What is the ten thousands digit of g?
4
Suppose q + 4*k - 1557 = 0, 2*q - 5*k - 2333 - 768 = 0. Suppose q = 17*l - 2357. What is the tens digit of l?
3
What is the ten thousands digit of ((-559)/(-172))/(-2 - (-171925)/85960)?
5
Let o be 126/27*((-2)/(-4) + 1). Let t(j) = 8*j - 51. Let k be t(o). Suppose 557 = 2*l - 3*w, 7*l = 8*l - k*w - 261. What is the units digit of l?
6
Let h(d) = 2*d**3 - 2*d**2 - 17*d - 2. Let u be h(-4). Let x = u + 98. Suppose 300 = 4*t + 4*k, x*k - 3*k - 383 = -5*t. What is the units digit of t?
7
Let c(w) = -8*w**2 + w - 10. Let z(o) = 33*o**2 - 3*o + 42. Let d(f) = 15*c(f) + 4*z(f). What is the tens digit of d(-5)?
0
Suppose -12*k + 38991 = 2*k - 125299. What is the ten thousands digit of k?
1
Let z = -163 - -157. What is the hundreds digit of (z + 4 - 0) + 389?
3
Let m = -295 + 718. Let w = m + 166. What is the units digit of w?
9
Suppose 5*w - 7*y = -10*y + 36, 0 = -w - 3*y + 12. Suppose 3*n + b - 1511 = 0, -w*n = -10*n - b + 2016. What is the hundreds digit of n?
5
Suppose -7 = -2*w - 1, 5*r = 4*w - 32. Let p(g) = -1566*g + 10 + 0 + 1518*g. What is the units digit of p(r)?
2
Suppose -768*n = -762*n - 96. Suppose -n*x = -9339 - 9301. What is the tens digit of x?
6
Let o be (-210)/240 + 3/(-24). What is the thousands digit of 3/2 + o - (-98373)/66?
1
Suppose 0 = -4*b - 14 + 2. Let o be -1 + b + 2 - (-4 + -1). Suppose -o*m - 2*m = -365. What is the units digit of m?
3
Suppose 1976*c = 2051*c - 3278400. What is the units digit of c?
2
Let u(b) = -742*b - 4795. What is the thousands digit of u(-14)?
5
Suppose 2*c + 1062 = -21*m + 19*m, -m = -2. Let n = c + 1449. What is the tens digit of n?
1
What is the tens digit of (-2*2/8)/((-2)/16588*13)?
1
Suppose p + 172 = 4*o - 184, -o - 3*p + 76 = 0. Let c = o + 117. What is the tens digit of c?
0
What is the units digit of (-15*(-4)/(-12))/((-2)/4106)?
5
What is the tho